ded by 10?
2
Let h = -48 + 86. Let l be 1 - -6 - 1 - (-1 - 1). Calculate the remainder when h is divided by 4/16 + 102/l.
12
Let m(r) = r + 11. Let w(n) = n**3 + 5*n**2 + 9*n + 16. Let k be w(-4). What is the remainder when m(5) is divided by (-1 + 14/k)*-2?
7
Let s(d) = 270*d - 1731. Calculate the remainder when 520 is divided by s(7).
43
Let q(d) = -37*d - 72. Let x be q(-27). Suppose 40*c - 43*c + x = 0. What is the remainder when c is divided by 24?
21
Suppose -13*t - 26*u + 23*u = -12583, u + 3864 = 4*t. Calculate the remainder when t is divided by 97.
94
Let h(a) = 430*a - 6762. What is the remainder when 4008 is divided by h(16)?
114
Let i(a) be the third derivative of a**4/8 + 9*a**3/2 - 26*a**2. Let q be i(9). Suppose b - 21 = q. Calculate the remainder when b is divided by 27.
21
Suppose 0 = -4*o + 5*j - 605 + 1650, 5*o - j = 1301. What is the remainder when 1818 is divided by o?
258
Suppose 0 = -3*p - 17 + 5, 5*p = -5*r. Suppose -64 = -2*b - 5*q, -r*b + q + q + 152 = 0. What is the remainder when b is divided by 24?
13
Let a be (-2 + 1)*187/(-11)*17. Suppose 18*q = q + a. Calculate the remainder when q is divided by 13.
4
Suppose 5*w = -5*y + 135, -2*y = 2*w + y - 58. Let p = 55 - w. Calculate the remainder when (62/6)/(4/24) is divided by p.
30
Let i be 4408/58 - (-2 + 10)/(-2). Let n = i + 5. What is the remainder when n is divided by 30?
25
Let y be 3 + 0 + -4 - 3/1. Let l(h) = -h**2 - 5*h. Let a be l(y). Calculate the remainder when 29 + -1*(-3 + a - 2) is divided by 19.
11
What is the remainder when 176 is divided by 4/16 - 4*(-620)/64?
20
Let r(w) = 10*w**2 - 58*w + 1061. Calculate the remainder when r(19) is divided by 47.
44
Suppose -2*u + 6 = -p + 2*u, 2 = -2*p + 3*u. Let d(b) = 135*b**3 - 134*b**3 + 2 + 7*b - 4*b**2 + 3*b**p. Calculate the remainder when d(5) is divided by 10.
7
Let u be (-3)/(-9)*(-81)/6*-6. Let t = -19 + u. Suppose 2*p = -3*b + 86, -12*p + 70 = 2*b - 17*p. What is the remainder when b is divided by t?
6
Suppose -3*c - 214 = -4*b, 3*c - c = 5*b - 138. Let p = c + 79. Suppose p*k - 14 = -t, 5*t + 5*k - 16 - 54 = 0. What is the remainder when 39 is divided by t?
11
Calculate the remainder when 21558 is divided by 34 + (10 - (-10 - -30)) + 4.
26
Let l(r) = -2*r**2 - r**3 - 2*r - 2 + 2*r**2 - 3*r**2 + 3. Let a be l(-3). What is the remainder when 39 is divided by (a/(-6))/(1/3)*-4?
11
Suppose -5*w = -3*i + 63, -4 = -i + 40*w - 44*w. Suppose 2*r = -17*r + 12407. Calculate the remainder when r is divided by i.
13
Suppose 145*k + 379350 = 195*k. What is the remainder when k is divided by 46?
43
Suppose 2*r + 15 = 83. What is the remainder when (-43000)/(-160) + ((-1)/(-10))/((-4)/(-10)) is divided by r?
31
Suppose 5*g - 4 = 1, 4*w + g - 205 = 0. Let a = 807 - 1229. Let q = -409 - a. What is the remainder when w is divided by q?
12
Let g(p) = -14*p + 140. Let u(l) = -8*l + 70. Let t(q) = 2*g(q) - 5*u(q). Calculate the remainder when 108 is divided by t(7).
10
Let n = -3495 - -3588. Calculate the remainder when n is divided by 6.
3
Let h = 69 - 37. Let z(f) = -f**2 - 100*f + 115. What is the remainder when z(0) is divided by h?
19
Suppose 2*a - 2975 + 849 = 0. Suppose -2*z + a - 877 = 0. What is the remainder when z is divided by 24?
21
Let h be 14/28 + (-7549)/(-2). Let y be h/(-425) + 4/(-34). What is the remainder when 72 is divided by (-169)/y - (-20)/90?
15
Suppose 5 = 2*a - 5. Let w(c) be the first derivative of -c**4/4 - c**3 - c**2/2 + 4*c - 7. What is the remainder when w(-3) is divided by a?
2
Let g(j) = -5*j - 2. Suppose -1380*x - 1386*x + 41055 = -2731*x. Calculate the remainder when x is divided by g(-6).
25
Let s = 2610 + -2550. Calculate the remainder when 6536 is divided by s.
56
Suppose 0 = 6*a + 8999 - 15959. What is the remainder when a is divided by 566?
28
Let l be (-22)/4 - -6 - (-210)/(-4). Let q = 57 + l. Suppose -y = -q*i - 61, -82 - 16 = -3*y - 2*i. Calculate the remainder when y is divided by 13.
10
Suppose 0 = 5*o - 25, 15 + 76 = -2*a + o. Let q = -40 - a. Calculate the remainder when (14/21)/(2/36) is divided by q.
0
Suppose -q + 2*p - 5 = 0, -p + 1 = -2*q - 0*q. What is the remainder when 80 is divided by 3/(3/43) + q?
36
Suppose 2*t - 70 = -4*u, 35 = u + 5*t - 14. What is the remainder when 27311 is divided by u?
11
Suppose 29*v + 2285 + 4733 = 0. Let p = v - -304. Let g(d) = -10*d - 1. What is the remainder when p is divided by g(-1)?
8
Suppose -3301*t + 110 = -3291*t. Calculate the remainder when 185 is divided by t.
9
Let q(o) = 32*o**2 - o - 2. Let g be q(-1). Let r = -19 + g. Calculate the remainder when 334 is divided by r.
10
Let o = -46 - -47. What is the remainder when (o - -2)/15 + (-6853)/(-35) is divided by 66?
64
Let x be (-720)/(-27) + (-3)/(-9). Calculate the remainder when (1*x/12)/(18/192) is divided by 13.
11
Let t(g) = 233*g + 16104. What is the remainder when 440 is divided by t(-68)?
180
Let p = 2236 - 911. Suppose -4*i - p = -5*b, -5*b = -3*i - 1239 - 91. What is the remainder when b is divided by 30?
29
Let u be 2 - (-2)/5 - 51/(-85). Suppose 27 = -n + u*n - s, 0 = 5*n - 2*s - 65. Calculate the remainder when 173 is divided by n.
8
Suppose 4*k - 24 = 0, -2*w = 6*w + 3*k - 497 - 137. Suppose -4*g = -3*q + 70, 2*q - 30 - 14 = 2*g. Calculate the remainder when w is divided by q.
5
Let m be ((-80)/24)/(2/36). Let z = -53 - m. Suppose -2*r - 25 = -z*r. Calculate the remainder when 17 is divided by r.
2
Let g be 3/(9/(-282))*(-6)/4. Suppose 0 = -5*a - g - 204. Let h = -8 - a. What is the remainder when h is divided by 21?
19
Suppose 23 = 2*j - 71. Let d = -726 + 753. Calculate the remainder when j is divided by d.
20
Let y be (1 - 0/(-1))*(10 + -10). Suppose y = -9*h - 74 + 407. What is the remainder when 146 is divided by h?
35
Suppose -3*a = 2*a + 135. Suppose -192 = -5*z + h, -h = -5*z - 6*h + 180. Let k = a + z. Calculate the remainder when 21 is divided by k.
10
Suppose -5*u + 18 - 270 = -4*d, -5*d - 2*u + 282 = 0. Suppose 3*v + 14*j - 9*j = 55, 5*v = -4*j + 96. What is the remainder when d is divided by v?
18
Let n = -923 + 964. What is the remainder when 364 is divided by n?
36
Let m = -360 - -368. What is the remainder when 79 is divided by (m/3 + -2)*42?
23
What is the remainder when 296 is divided by 40 + (0 - (2 - 2 - (-30 + 27)))?
0
Let r = -28 - -28. Suppose -4*j + 323 - 243 = r. What is the remainder when 59 is divided by j?
19
Suppose 2*f = f + 3. Suppose f*g - 46 = 29. Calculate the remainder when (-146)/3066 - (-4120)/84 is divided by g.
24
What is the remainder when 214 is divided by (524/12 + -1)*192/128?
22
Let a(b) = -32*b**3 + 2*b**2 + b. Let j(p) = -162*p - 802. What is the remainder when a(-2) is divided by j(-5)?
6
Suppose 6*b = a - 2843, -6 = 136*b - 139*b. What is the remainder when a is divided by 18?
11
Let z(s) = s**2 + 23*s - 551. Calculate the remainder when 104 is divided by z(15).
9
Suppose -105 = -3*k - 0*d + 3*d, -8 = -2*d. Suppose 4*x + 4*x = 440. Let n = x - k. What is the remainder when 77 is divided by n?
13
Let r = -121 - -235. Suppose -r - 66 = -4*d. Let k(o) = o**2 + 63*o + 542. What is the remainder when d is divided by k(-53)?
9
Let f = -719 + 751. Suppose -2*c - 25*r + f = -23*r, 5*c = -3*r + 74. What is the remainder when 165 is divided by c?
9
Suppose v + 8 = 41. Let d(f) be the second derivative of f**4/6 - 7*f**3/6 - 7*f**2/2 - 10*f. What is the remainder when v is divided by d(6)?
10
Suppose -15*v = -519 - 2121. What is the remainder when v is divided by 107?
69
Suppose -105 = -14*u + 9*u. Suppose -13*n = -u*n + 168. What is the remainder when 54 is divided by n?
12
Let w be (-725)/(-40) - 1/8. Suppose -w*v = -13*v - 50. What is the remainder when v is divided by 7?
3
Let i(f) = -f**3 - 52*f**2 - 173*f - 3498. Calculate the remainder when i(-50) is divided by 141.
11
Suppose 12*w = -v + 103 - 260, 5*v + w - 100 = 0. Calculate the remainder when (91 - -2) + (0 - 2) is divided by v.
22
Suppose 103*s + 93 = 134*s. Let c(a) be the third derivative of a**6/60 - a**5/60 - a**4/4 + a**3/6 - 2*a**2. Calculate the remainder when c(s) is divided by 6.
4
Suppose 0*f - 3*z = -4*f + 2095, -4*z = f - 500. Suppose 35*o - 1545 - f = 0. What is the remainder when 351 is divided by o?
56
Suppose 4*o = -w + 163, -o = 22*w - 23*w -